{"id":13,"date":"2015-03-01T21:14:21","date_gmt":"2015-03-01T20:14:21","guid":{"rendered":"http:\/\/www.zupscavoj.sk\/?page_id=13"},"modified":"2024-07-14T14:52:19","modified_gmt":"2024-07-14T13:52:19","slug":"dokumenty","status":"publish","type":"page","link":"http:\/\/www.zupscavoj.sk\/?page_id=13","title":{"rendered":"Dokumenty"},"content":{"rendered":"\n<figure class=\"is-layout-flex wp-block-gallery-1 wp-block-gallery has-nested-images columns-default is-cropped\"><\/figure>\n\n\n\n<div class=\"is-layout-constrained wp-block-group\"><div class=\"wp-block-group__inner-container\">\n<figure class=\"is-layout-flex wp-block-gallery-3 wp-block-gallery has-nested-images columns-default is-cropped\"><\/figure>\n<\/div><\/div>\n\n\n<p><a href=\"http:\/\/www.zupscavoj.sk\/wp-content\/uploads\/2024\/04\/Navrh-planu-cinnosti-a-hospodarenia-na-rok-2024.pdf\">N\u00e1vrh pl\u00e1nu \u010dinnosti a hospod\u00e1renia na rok 2024<\/a><\/p>\n<p><a href=\"http:\/\/www.zupscavoj.sk\/wp-content\/uploads\/2023\/04\/Navrh-planu-cinnosti-a-hospodarenia-na-rok-2023.pdf\">N\u00e1vrh pl\u00e1nu \u010dinnosti a hospod\u00e1renia na rok 2023<\/a><\/p>\n<p><a href=\"http:\/\/www.zupscavoj.sk\/wp-content\/uploads\/2022\/09\/Navrh-planu-cinnosti-a-hospodarenia-na-rok-2022.pdf\">N\u00e1vrh pl\u00e1nu \u010dinnosti a hospod\u00e1renia na rok 2022<\/a><\/p>\n<p><a href=\"http:\/\/www.zupscavoj.sk\/wp-content\/uploads\/2021\/08\/Navrh-planu-cinnosti-hospodarenia-na-rok-2021.pdf\">Navrh-planu-cinnosti-hospodarenia-na-rok-2021<\/a><\/p>\n<p><a href=\"http:\/\/www.zupscavoj.sk\/wp-content\/uploads\/2021\/01\/Navrh-planu-cinnosti-hospodarenia-na-rok-2020.pdf\">N\u00e1vrh pl\u00e1nu \u010dinnosti hospod\u00e1renia na rok 2020<\/a><\/p>\n<p><a href=\"http:\/\/www.zupscavoj.sk\/wp-content\/uploads\/2019\/04\/N\u00e1vrh-\u010dinnosti-hospod\u00e1renia-na-rok-2019.pdf\">N\u00e1vrh \u010dinnosti hospod\u00e1renia na rok 2019<\/a><\/p>\n<p><a href=\"http:\/\/www.zupscavoj.sk\/wp-content\/uploads\/2018\/04\/N\u00e1vrh-\u010dinnosti-hospod\u00e1renia-na-rok-2018.pdf\">N\u00e1vrh \u010dinnosti hospod\u00e1renia na rok 2018<\/a><\/p>\n<p><a href=\"http:\/\/www.zupscavoj.sk\/wp-content\/uploads\/2021\/11\/Zapisnica-z-korespondencneho-hlasovania.pdf\">Z\u00e1pisnica z kore\u0161ponden\u010dn\u00e9ho hlasovania\u00a0<\/a><\/p>\n<p><a href=\"http:\/\/www.zupscavoj.sk\/wp-content\/uploads\/2024\/07\/Vyrocna_sprava_za_rok_2023-2.pdf\">V\u00fdro\u010dn\u00e1 spr\u00e1va za rok 2023<\/a><\/p>\n<p><a href=\"http:\/\/www.zupscavoj.sk\/wp-content\/uploads\/2023\/04\/Vyrocna-sprava-za-rok-2022.pdf\">V\u00fdro\u010dn\u00e1 spr\u00e1va za rok 2022<\/a><\/p>\n<p><a href=\"http:\/\/www.zupscavoj.sk\/wp-content\/uploads\/2022\/09\/Vyrocna-sprava-za-rok-2021.pdf\">V\u00fdro\u010dn\u00e1 spr\u00e1va za rok 2021<\/a><\/p>\n<p><a href=\"http:\/\/www.zupscavoj.sk\/wp-content\/uploads\/2019\/04\/V\u00fdro\u010dn\u00e1-spr\u00e1va-za-rok-2018.pdf\">V\u00fdro\u010dn\u00e1 spr\u00e1va za rok 2018<\/a><\/p>\n<p><a href=\"http:\/\/www.zupscavoj.sk\/wp-content\/uploads\/2018\/04\/V\u00fdro\u010dn\u00e1-spr\u00e1va-za-rok-2017.pdf\">V\u00fdro\u010dn\u00e1 spr\u00e1va za rok 2017<\/a><\/p>\n<p><a href=\"http:\/\/www.zupscavoj.sk\/wp-content\/uploads\/2018\/03\/V\u00fdro\u010dn\u00e1-spr\u00e1va-za-rok-2016.pdf\">V\u00fdro\u010dn\u00e1 spr\u00e1va za rok 2016<\/a><\/p>\n<p><a href=\"http:\/\/www.zupscavoj.sk\/wp-content\/uploads\/2018\/03\/V\u00fdro\u010dn\u00e1-spr\u00e1va-za-rok-2015.pdf\">V\u00fdro\u010dn\u00e1 spr\u00e1va za rok 2015<\/a><\/p>\n\n\n<p><\/p>\n\n\n\n<div class=\"wp-block-file\"><a href=\"http:\/\/www.zupscavoj.sk\/wp-content\/uploads\/2021\/11\/Zapisnica-z-korespondencneho-hlasovania.pdf\" class=\"wp-block-file__button wp-element-button\" download><\/a><\/div>\n\n\n\n<div class=\"wp-block-file\"><a href=\"blob:http:\/\/www.zupscavoj.sk\/7e674eec-22f1-4cd6-a9e6-c157ac5da2e9\" class=\"wp-block-file__button wp-element-button\" download><\/a><\/div>\n\n\n\n<div class=\"wp-block-file\"><a id=\"wp-block-file--media-2313b0ec-77ba-4af9-97e3-e3a90aabe145\" href=\"http:\/\/www.zupscavoj.sk\/wp-content\/uploads\/2022\/02\/Stanovy-ZUPS-Cavoj.pdf\">Stanovy-ZUPS-Cavoj<\/a><a href=\"http:\/\/www.zupscavoj.sk\/wp-content\/uploads\/2022\/02\/Stanovy-ZUPS-Cavoj.pdf\" class=\"wp-block-file__button wp-element-button\" download aria-describedby=\"wp-block-file--media-2313b0ec-77ba-4af9-97e3-e3a90aabe145\">Stiahnu\u0165<\/a><\/div>\n\n\n\n<div class=\"wp-block-file\"><a id=\"wp-block-file--media-4f322963-945c-47e7-817b-63f89a0604d1\" href=\"http:\/\/www.zupscavoj.sk\/wp-content\/uploads\/2022\/02\/Zmluva-ZUPS-Cavoj.pdf\">Zmluva-ZUPS-Cavoj<\/a><a href=\"http:\/\/www.zupscavoj.sk\/wp-content\/uploads\/2022\/02\/Zmluva-ZUPS-Cavoj.pdf\" class=\"wp-block-file__button wp-element-button\" download aria-describedby=\"wp-block-file--media-4f322963-945c-47e7-817b-63f89a0604d1\">Stiahnu\u0165<\/a><\/div>\n\n\n\n<p><\/p>\n","protected":false},"excerpt":{"rendered":"<p>N\u00e1vrh pl\u00e1nu \u010dinnosti a hospod\u00e1renia na rok 2024 N\u00e1vrh pl\u00e1nu \u010dinnosti a hospod\u00e1renia na rok 2023 N\u00e1vrh pl\u00e1nu \u010dinnosti a hospod\u00e1renia na rok 2022 Navrh-planu-cinnosti-hospodarenia-na-rok-2021 N\u00e1vrh pl\u00e1nu \u010dinnosti hospod\u00e1renia na rok 2020 N\u00e1vrh \u010dinnosti hospod\u00e1renia na rok 2019 N\u00e1vrh \u010dinnosti&#8230;<br \/><a class=\"read-more-button\" href=\"http:\/\/www.zupscavoj.sk\/?page_id=13\">\u010c\u00edta\u0165 viac<\/a><\/p>\n","protected":false},"author":1,"featured_media":0,"parent":0,"menu_order":0,"comment_status":"closed","ping_status":"closed","template":"","meta":[],"_links":{"self":[{"href":"http:\/\/www.zupscavoj.sk\/index.php?rest_route=\/wp\/v2\/pages\/13"}],"collection":[{"href":"http:\/\/www.zupscavoj.sk\/index.php?rest_route=\/wp\/v2\/pages"}],"about":[{"href":"http:\/\/www.zupscavoj.sk\/index.php?rest_route=\/wp\/v2\/types\/page"}],"author":[{"embeddable":true,"href":"http:\/\/www.zupscavoj.sk\/index.php?rest_route=\/wp\/v2\/users\/1"}],"replies":[{"embeddable":true,"href":"http:\/\/www.zupscavoj.sk\/index.php?rest_route=%2Fwp%2Fv2%2Fcomments&post=13"}],"version-history":[{"count":58,"href":"http:\/\/www.zupscavoj.sk\/index.php?rest_route=\/wp\/v2\/pages\/13\/revisions"}],"predecessor-version":[{"id":1041,"href":"http:\/\/www.zupscavoj.sk\/index.php?rest_route=\/wp\/v2\/pages\/13\/revisions\/1041"}],"wp:attachment":[{"href":"http:\/\/www.zupscavoj.sk\/index.php?rest_route=%2Fwp%2Fv2%2Fmedia&parent=13"}],"curies":[{"name":"wp","href":"https:\/\/api.w.org\/{rel}","templated":true}]}}