{"id":99,"date":"2015-06-12T18:27:24","date_gmt":"2015-06-12T17:27:24","guid":{"rendered":"http:\/\/www.zupscavoj.sk\/?page_id=99"},"modified":"2024-08-19T14:23:55","modified_gmt":"2024-08-19T13:23:55","slug":"strankove-dni-2-2","status":"publish","type":"page","link":"http:\/\/www.zupscavoj.sk\/?page_id=99","title":{"rendered":"Str\u00e1nkov\u00e9 dni"},"content":{"rendered":"<p><strong>ZDRU\u017dENIE URB\u00c1RU POZEMKOV\u00c9 SPOLO\u010cENSTVO \u010cAVOJ<\/strong><\/p>\n<p><strong>972 29 \u010cavoj 86, \u00a0 \u00a0mobil: 0<\/strong><strong>903 556 885<\/strong><\/p>\n<p><span style=\"text-decoration: underline;\"><strong>________________________________________________________<\/strong><\/span><\/p>\n<p><strong>Predseda spolo\u010denstva: \u00a0 \u00a0 \u00a0 \u00a0 \u00a0 \u00a0Ing. J\u00e1n HALA\u0160KA \u00a0&#8211; \u00a00904 839 478<\/strong><\/p>\n<p><strong>Zmluvn\u00fd pracovn\u00edk: \u00a0 \u00a0 \u00a0 \u00a0 \u00a0 \u00a0 \u00a0 \u00a0 \u00a0 Du\u0161an \u0160MYKAL \u00a0 \u00a0 \u00a0&#8211; \u00a00910 952 992<\/strong><\/p>\n<p><strong>________________________________________________________<\/strong><\/p>\n<p><strong>\u00a0<\/strong><\/p>\n<p><strong>Pondelok: \u00a0 \u00a0 \u00a0 \u00a0 \u00a0 \u00a0 08 : 00 hod.\u00a0 &#8211; \u00a012 : 00 hod. \u00a0 &#8211; pr\u00edjem objedn\u00e1vok, administrat\u00edva<\/strong><\/p>\n<p><strong> Streda: \u00a0 \u00a0 \u00a0 \u00a0 \u00a0 \u00a0 \u00a0 \u00a0 \u00a007 : 30 hod.\u00a0 &#8211; \u00a008 : 30 hod. \u00a0 &#8211; pr\u00edjem objedn\u00e1vok<\/strong><\/p>\n<p><strong>\u0160tvrtok: \u00a0 \u00a0 \u00a0 \u00a0 \u00a0 \u00a0 \u00a0 \u00a0 07 : 30 hod.\u00a0 &#8211; \u00a008 : 30 hod. \u00a0 &#8211; pr\u00edjem objedn\u00e1vok<\/strong><\/p>\n<p><strong>\u00a0 \u00a0 \u00a0 \u00a0 \u00a0 \u00a0 \u00a0 \u00a0 \u00a0 \u00a0 \u00a0 \u00a0 \u00a0 \u00a0\u00a0<\/strong><\/p>\n<p align=\"LEFT\">\n","protected":false},"excerpt":{"rendered":"<p>ZDRU\u017dENIE URB\u00c1RU POZEMKOV\u00c9 SPOLO\u010cENSTVO \u010cAVOJ 972 29 \u010cavoj 86, \u00a0 \u00a0mobil: 0903 556 885 ________________________________________________________ Predseda spolo\u010denstva: \u00a0 \u00a0 \u00a0 \u00a0 \u00a0 \u00a0Ing. J\u00e1n HALA\u0160KA \u00a0&#8211; \u00a00904 839 478 Zmluvn\u00fd pracovn\u00edk: \u00a0 \u00a0 \u00a0 \u00a0 \u00a0 \u00a0 \u00a0 \u00a0 \u00a0&#8230;<br \/><a class=\"read-more-button\" href=\"http:\/\/www.zupscavoj.sk\/?page_id=99\">\u010c\u00edta\u0165 viac<\/a><\/p>\n","protected":false},"author":1,"featured_media":0,"parent":0,"menu_order":0,"comment_status":"closed","ping_status":"closed","template":"","meta":[],"_links":{"self":[{"href":"http:\/\/www.zupscavoj.sk\/index.php?rest_route=\/wp\/v2\/pages\/99"}],"collection":[{"href":"http:\/\/www.zupscavoj.sk\/index.php?rest_route=\/wp\/v2\/pages"}],"about":[{"href":"http:\/\/www.zupscavoj.sk\/index.php?rest_route=\/wp\/v2\/types\/page"}],"author":[{"embeddable":true,"href":"http:\/\/www.zupscavoj.sk\/index.php?rest_route=\/wp\/v2\/users\/1"}],"replies":[{"embeddable":true,"href":"http:\/\/www.zupscavoj.sk\/index.php?rest_route=%2Fwp%2Fv2%2Fcomments&post=99"}],"version-history":[{"count":28,"href":"http:\/\/www.zupscavoj.sk\/index.php?rest_route=\/wp\/v2\/pages\/99\/revisions"}],"predecessor-version":[{"id":1059,"href":"http:\/\/www.zupscavoj.sk\/index.php?rest_route=\/wp\/v2\/pages\/99\/revisions\/1059"}],"wp:attachment":[{"href":"http:\/\/www.zupscavoj.sk\/index.php?rest_route=%2Fwp%2Fv2%2Fmedia&parent=99"}],"curies":[{"name":"wp","href":"https:\/\/api.w.org\/{rel}","templated":true}]}}